 of k?
1
Suppose -2*o + 46 = 5*c, 4*o + 7 = 2*c + o. What is the units digit of (5/(-2))/(c/(-16))?
5
Suppose -2*n + 9 = 3*i + 1, i - 6 = n. What is the units digit of 4/(-2*(1 + n))?
2
Let k be -2 + 2/1 - -1. Let w(s) = -s**3 - 4*s**2 - 2*s - 1. Let h(u) = -u**2 - u - 1. Let a(c) = k*w(c) - 2*h(c). What is the tens digit of a(-3)?
1
Let q = -29 + 36. What is the units digit of q?
7
Let y(u) = 45*u**2 - u. Let z be y(-1). Let t = z + -23. What is the tens digit of t?
2
Let m(z) = 2*z**3 - 12*z**2 - 14*z - 6. What is the units digit of m(8)?
8
Let s(u) = -u**3 + 12*u**2 - 9*u - 2. What is the tens digit of s(11)?
2
Let g be -24*(1 + 8/(-6)). Suppose -3*s = -g*s + 40. What is the units digit of s?
8
Let s(y) = y. Let p be s(1). Suppose 11 = 2*m + p. What is the units digit of m?
5
Let r(d) = -d - 2. Suppose -i + 5*l - 12 - 10 = 0, 0 = -5*i + 2*l - 18. Let f be r(i). Suppose 3*u - 2*u - 8 = f. What is the units digit of u?
8
Let k(x) = 2*x - 1 - 4*x + 7*x. Suppose 3 = 2*i - y, -3*i - 3*y + 1 = i. What is the units digit of k(i)?
4
Suppose 0 = -0*x - 3*x + 18. Let k be (-2)/6 + 14/x. Suppose -4*j + 6 = -k. What is the units digit of j?
2
Let h = 25 - 35. Let w(o) = -o**2 + o - 2. Let a be w(2). Let g = a - h. What is the units digit of g?
6
Let z be (-2)/(-9) - (-224)/(-36). Let u be (4 + -1)*(-2)/z. Suppose -u = 3*d - 22. What is the units digit of d?
7
Suppose 6 = 2*b - 0*b. Suppose -7*q = -b*q + 4. What is the units digit of 2/((q - -2)/2)?
4
Let v(o) = 3 + 2*o - 7 - o**2 - o**3 - o. What is the units digit of v(-3)?
1
Suppose 5*d = d - 4. Let c be 2 - (-34 + (0 - d)). Let b = -24 + c. What is the units digit of b?
1
Let q(t) be the second derivative of t**5/20 + 5*t**4/12 - 7*t**3/6 - 4*t**2 - t. Let s be q(-6). What is the units digit of -2 - ((s - -1) + -4)?
3
Let a = -20 - -10. What is the units digit of (-44)/a - 4/10?
4
Let c(a) be the second derivative of a**5/20 - 5*a**4/12 + 7*a**2/2 - 3*a. What is the units digit of c(5)?
7
What is the units digit of (-95)/2*56/(-35)?
6
Suppose 4*o = -20, -5*o + 14 = 6*c - 3*c. What is the tens digit of c?
1
Suppose 5*f + 30 = 2*h + 3*f, h + f - 13 = 0. Suppose -2*g + 3*g - h = 0. What is the units digit of g?
4
Suppose -2*z = -z + 2. Let q = 9 + z. What is the units digit of q?
7
Let s(l) = -l**3 - 7*l + 9*l**2 + 2 - 5 + 1. Let k(q) = -q + 24. Let g be k(16). What is the units digit of s(g)?
6
Suppose 8*k - 3*k = -3*c + 1, -3*k - 4*c = 6. Suppose -k*w + 32 = -0*w. What is the units digit of w?
6
Let n(l) = -l + 12. Let o be n(0). Suppose -3*h - 3 = -o. What is the units digit of h?
3
Suppose 2*s - 19 = -q + 9, 2*s - 8 = 0. Let d be (24/10)/(6/q). Suppose -4*w = -3*w - d. What is the units digit of w?
8
Let r = -2 - -5. Suppose -3*b + b = 2*c - 20, -2*b + r*c + 25 = 0. What is the tens digit of b?
1
Let j(c) = -c**2 + 7*c - 3. Let z be j(5). Suppose -z*f = -2*f. Suppose f = 3*v + v - 12. What is the units digit of v?
3
Let p be 14/(-35) - (-28)/(-5). Let t = 51 + p. What is the units digit of t?
5
Suppose -2*h + 6 + 0 = 0. Suppose -o + h + 0 = 0. What is the units digit of (3 - o)/1 + 2?
2
Let t(s) be the second derivative of -s**5/20 + s**4/2 + 4*s**3/3 - 3*s**2 + 3*s. Let u be t(7). Suppose u = 3*o - 5. What is the units digit of o?
2
Suppose 0 + 10 = 2*x. Let y = -4 - -7. Suppose 0 = x*q + n - 63, 1 = 5*q + y*n - 68. What is the tens digit of q?
1
What is the units digit of ((-38)/3)/(2/(-3))?
9
Suppose 3*b - 5*a = 35, -3*b - a - 1 = 3*a. Let y = b - 2. What is the units digit of y?
3
Let z(y) = -y**2 + 12*y + 4. Let b be z(8). What is the units digit of (-21)/b*-3*12?
1
Let o = -110 + 71. Let z be (1 + -3)/(6/o). Suppose 3*p - 8 = z. What is the units digit of p?
7
Let x = 2 + 3. Let h = x - 3. What is the units digit of h?
2
Suppose 2*t - 6*t = 4. Let y(r) = 28*r**2 - 2*r - 1. Let f be y(t). Suppose -q = -f + 8. What is the tens digit of q?
2
Suppose j + k + 1 = 0, -5*k + 10*k = j - 23. Let v = 9 - 5. Let u = v - j. What is the units digit of u?
1
Suppose 5*y + 5 = 0, 5*y + 5 = z + 2*y. Suppose 4 = 2*k - z. Suppose -4*i - 2*b = -28, 2*i - 9 = -k*i + 4*b. What is the units digit of i?
5
Suppose 0 = -2*s - 4*d - 22, -2*s + 4*d - 4 = -22. Let h(j) = 6*j**2 - j + 1. Let u be h(1). Let o = u + s. What is the units digit of o?
5
Let v = 1 + -1. Suppose -15 = -v*u - 3*u. Suppose -2*h + 9 = -0*h - 5*b, -h + 3*b + u = 0. What is the units digit of h?
2
Let b be -1*1 - 28/(-2). Let m = -5 + b. Suppose -m = -3*c + 31. What is the tens digit of c?
1
Let d be (3/9)/(1/6). Let g be 0 + (d - 1) + 4. Suppose -g*l + 34 + 1 = 0. What is the units digit of l?
7
Let x(z) = -2*z + 8 + 8*z - 11 + 2*z. Let r(y) = -y**2 + 4*y - 1. Let q be r(3). What is the units digit of x(q)?
3
Let r(z) = 2*z**2 + 3*z + 2. Let i be r(-2). Suppose -l = w + 2*l - 9, 4*l + i = 4*w. What is the units digit of w/(((-8)/6)/(-4))?
9
Suppose s = 1 + 15. Let y be (3/2)/(6/32). Suppose -y - s = -4*c. What is the units digit of c?
6
Suppose -c = c. Suppose -2*s - 5 + 1 = c. What is the units digit of (s - -2 - 19)/(-1)?
9
Let q(y) = 2*y**3 - 3*y**2 + 2*y + 2. Suppose -4*b + 10 = -2. What is the tens digit of q(b)?
3
Let o(x) = -x**3 + 13*x**2 - 10*x + 16. What is the units digit of o(12)?
0
Let d(q) = 4*q**2 - 1 - 12*q + 12*q. What is the tens digit of d(2)?
1
Let l = -46 - -81. What is the units digit of l?
5
Suppose -4*a + 19 = 3*w + 4, 0 = 2*a - 4*w - 2. Suppose -c + a = 0, -3*x + 2*c - 2 = -x. What is the units digit of x?
2
Let b(i) = -i + 42. What is the units digit of b(-10)?
2
Suppose -3*s = -5*m - 436, 2*s - 2*m = 3*m + 299. What is the units digit of s?
7
Suppose 4*t - 2*t = 6. Let u(f) = 2*f**2 - f + 1. What is the units digit of u(t)?
6
Let j(v) = 2*v**2 + 5*v. What is the tens digit of j(-6)?
4
Suppose l - 4 = -5*m, 0*l + 8 = -3*m + 2*l. Let b = m - -15. What is the tens digit of b?
1
Let o = 14 + -10. Suppose -2*p = -o*f - 22, -5*p = 3*f + 14 - 69. What is the tens digit of p?
1
Let o = 4 + 6. What is the tens digit of o?
1
Suppose -3*p + n + 79 + 13 = 0, -5*p - n + 148 = 0. Suppose -2*r + 4*r = -4. What is the units digit of -2 + (-1)/r*p?
3
Let o(q) = -44*q - 3. Let a be o(-2). Suppose -4*i + a = i. What is the units digit of i?
7
Let h be (1 - -1)/(4/26). Suppose 2*o - 63 + h = 0. What is the tens digit of o?
2
Let k = -56 - -115. What is the tens digit of k?
5
Let c(h) = h**3 + 6*h**2 + 3*h + 6. Let t(u) = 2*u - 1. Let s be t(-2). Let a be c(s). Suppose 0*d = -2*d + a. What is the units digit of d?
8
Let h = -30 + 54. What is the units digit of h?
4
Let f(w) = -3 + 8*w + w**2 - 2*w**2 + 0*w**2. Let x be f(7). Suppose -30 = -a - x*a. What is the units digit of a?
6
Let s(t) = -t**3 - 17*t**2 + 16*t + 9. What is the units digit of s(-18)?
5
Let z be 1 + 2/(2 + 0). Suppose -k - z*k = -90. What is the tens digit of k?
3
Let f be 4/4 + (-7)/1. What is the units digit of 1/(-1) + (-30)/f?
4
Let p(b) = b**2 + 6*b - 2. Let t(n) be the third derivative of -n**6/120 + n**5/60 + n**4/24 - 4*n**3/3 + n**2. Let g be t(0). What is the tens digit of p(g)?
1
Suppose 0 = 5*w - b - b + 3, 0 = w - b. What is the units digit of (0 - -1)*w*-7?
7
Let n(u) = 3*u**2 - 7*u + 6. Let v(o) = -o + 14. Let z be v(10). What is the tens digit of n(z)?
2
Let b be (-138)/9*(-3)/2. Let f = -14 + b. What is the units digit of f?
9
Suppose 3*y = y + u + 20, 5*y - 5*u - 45 = 0. Let p = y + 4. What is the tens digit of p?
1
Suppose 2*g + 2*g + 6 = 2*l, 2*l + 2*g = 0. What is the units digit of l?
1
Let a = 91 - 35. What is the units digit of a?
6
Let t(x) = x**3 - 4*x**2 + 5*x - 2. Let v = -4 + 4. Let c = v + 3. What is the units digit of t(c)?
4
Let b be ((-1)/((-4)/44))/1. Suppose 8*c = b*c - 147. What is the units digit of c?
9
Suppose -3*l - 2*n = n - 117, -l = -5*n - 9. Suppose -l = -2*q + 6. What is the tens digit of q?
2
Suppose -58 = 3*u - 10. Let k = 8 - u. What is the tens digit of k?
2
Suppose 0 = 10*u - 6*u - 48. Suppose -o - u = -5*r - 5*o, 2*o = -4*r + 6. Suppose r*a + 2*a - 23 = 5*y, -1 = 2*a + 3*y. What is the units digit of a?
4
Let o be 2/(-2)*(24 + 0). Let z = -14 - o. What is the units digit of z?
0
Suppose -2*v + 93 = -3*t, -2*v - t = 2 - 99. What is the tens digit of v?
4
Let l = 39 - 18. What is the tens digit of ((-4)/3)/((-2)/l)?
1
Supp